 x?
16
Let b(v) = v**2 - 11*v + 14. Let l(i) = i**2 - 8*i - 10. Let y be l(10). What is the remainder when 10 is divided by b(y)?
2
What is the remainder when 49 is divided by 3/(-18) - 255/(-18)?
7
Suppose -5*l - 6 = -2*l. What is the remainder when (l + -31)*(-1)/3 is divided by 3?
2
What is the remainder when 13 is divided by (-1)/((2/(-3))/(28/6))?
6
Let y be 3 - (1 - 0/(-2)). Suppose 5*w = -y + 12. What is the remainder when 5 is divided by w?
1
Suppose 3*v + 46 = 5*v. Calculate the remainder when (-1)/((-1)/26*(-20)/(-70)) is divided by v.
22
Suppose -5*y + 241 = 4*f, 5*f = -4*y + 3*y + 65. Calculate the remainder when y is divided by 16.
13
Suppose -3*l + 2*l = -4. Calculate the remainder when 7 is divided by l.
3
Suppose -4*y = -5*g - 28, -13 + 5 = -2*y + 4*g. Suppose 0 = -4*h - 4*p + 68, -13 = -0*h - h - 2*p. Calculate the remainder when h is divided by y.
9
Let z(d) = d + 1. Let g be z(7). Let u = g + -6. What is the remainder when 6 is divided by u?
0
Suppose -2*v + g = -4*v - 42, 3*v - 2*g + 77 = 0. Let w = 32 + v. Calculate the remainder when w is divided by (-2)/(1/((-3)/2)).
0
Let j(v) = 3*v**2 + 6*v - 5. Calculate the remainder when j(4) is divided by 4/6*(-204)/(-8).
16
Suppose -2*n + 4*d = 2*n - 132, 0 = -5*n - 3*d + 173. Suppose -30 = -2*c - 3*g, 2*c - 20 = g + g. What is the remainder when n is divided by c?
10
Let l(z) = 15*z + 1. Let t(r) = 3*r**2 - 7*r + 7. Let k = 13 - 8. What is the remainder when t(k) is divided by l(1)?
15
Let t be (-3 - 2/(-4))*-2. Suppose -t*v + 367 + 38 = 0. Calculate the remainder when v is divided by 21.
18
Let i = -26 + 35. Calculate the remainder when 24 is divided by i.
6
Suppose -5*s + 120 = -s. What is the remainder when s is divided by 19?
11
Let p(d) be the third derivative of 0*d - 1/60*d**5 + 0 + 1/6*d**3 - 1/4*d**4 - 2*d**2. Calculate the remainder when p(-3) is divided by 4.
2
Let x be (-5)/20*(-16)/1. Suppose m = -3*v - 11, -v + 1 = x*m + 2*v. Calculate the remainder when 23 is divided by m.
3
Let h = -7 + 26. What is the remainder when h is divided by 7?
5
Let u(c) = 3*c**2 - c + 2. Suppose -14 = 3*j + 4*i + 11, 0 = -j - i - 7. What is the remainder when u(j) is divided by 11?
10
Let c(m) = -1. Let r(i) = 9*i - 6. Let y(l) = 4*c(l) - r(l). What is the remainder when y(-4) is divided by 13?
12
Suppose 3*m = -2*m + 95. Calculate the remainder when 55 is divided by m.
17
Suppose n = 4 - 2. Suppose n*s - 4*t + 387 = 5*s, -s + 121 = 4*t. Let k = s - 75. What is the remainder when k is divided by 15?
13
Suppose o - 2*o - 2*x = -42, -16 = 4*x. What is the remainder when o is divided by 19?
12
Let v be 7/2*(-4)/(-7). Suppose -l = -v*h - 4, -9 - 20 = -l - 3*h. Calculate the remainder when 26 is divided by l.
12
Suppose -84*t + 21 = -81*t. What is the remainder when 40 is divided by t?
5
Suppose 0 = -8*a - 0*a + 328. Calculate the remainder when 202 is divided by a.
38
Let l(r) = -2*r - 2. Let j be l(-3). Suppose j*w = y + 22, -5 - 15 = -3*w - y. Calculate the remainder when 11 is divided by w.
5
Suppose -3*n - 9 = x, 3*n + 2 = x - 13. Suppose -x*a = 2*a - 65. Let i = 703 + -696. What is the remainder when a is divided by i?
6
Let b(a) = -a**2 + 7*a - 10. Calculate the remainder when 3 is divided by b(4).
1
Suppose 0 = 5*y + 10, 2*p = 4*p - 2*y - 18. Let w = 9 - p. Suppose -w*a = 5 - 47. What is the remainder when 41 is divided by a?
20
Suppose 5*d - 6 = 4. Let i = 9 - d. What is the remainder when 2/(-5) + (-194)/(-10) is divided by i?
5
Let w(c) = c**2 + 9*c + 11. Let z be w(-9). What is the remainder when (z/(-4))/((-2)/16) is divided by 4*2/(1/1)?
6
Let x = -11 + 9. Calculate the remainder when (35/2 + x)*2 is divided by 11.
9
Let d(k) = 8*k**3 + 2*k - 1. Let l be (-6)/9*6/(-4). What is the remainder when 26 is divided by d(l)?
8
Let w(s) = -s**3 - 5*s**2 - s - 3. Let n be w(-5). Let k be (-9)/6*72/n. Calculate the remainder when 15 is divided by ((-2)/(-6))/((-2)/k).
6
Suppose -425 = -5*v + 3*p + 2*p, -5 = 5*p. What is the remainder when 2880/v - 2/7 is divided by 9?
7
Suppose 0 = 2*x - 5*x + 36. Let r = 4 + x. Let b(u) = u**2 + 4*u + 6. What is the remainder when r is divided by b(-4)?
4
Suppose 4*m = 4*n - 44 - 84, 2*n = 3*m + 65. Calculate the remainder when n is divided by 17.
14
Let m = 292 + -269. Let u be ((-7)/3 - -1)*-3. Suppose -2*j - 3 = -g + 5, 46 = u*g - j. Calculate the remainder when m is divided by g.
11
Let a = 20 + 3. What is the remainder when 91 is divided by a?
22
Let f = -4 - -2. Let m be (-7)/(-2) + f/4. Suppose 5*s - 95 = -5*v, -s = -v + m*s + 39. What is the remainder when v is divided by 12?
11
What is the remainder when 72 is divided by 4/(-2)*19/(-2)?
15
Let a = -4 + 7. Let t(c) = c**2 + 2*c. Let d be t(-4). Suppose -d = -3*m + m. What is the remainder when m is divided by a?
1
Let k be ((-1)/(-1) - 88)*-1. Suppose 5*q = 3*z - 86, z - 22 = -0*z + 5*q. Calculate the remainder when z is divided by (-4)/10 - k/(-5).
15
Suppose 9 + 13 = 2*j. What is the remainder when 43 is divided by j?
10
Let t(d) = 3*d**2 - 2*d + 7. What is the remainder when t(-6) is divided by 32?
31
Suppose -3*p + 0*p - 126 = 0. Let r(y) = -y**3 - 2*y**2 + 6*y + 3. Calculate the remainder when (-2 - 0)/(4/p) is divided by r(-4).
10
Let o(s) = s**2 + 4*s + 4. Let q = 30 + -23. What is the remainder when q is divided by o(-4)?
3
Suppose -2*q - 4*j + 3*j = -5, -2*q - 5*j = 15. Let u(v) = 2*v + 3. Let t be u(3). Let l = t + -1. What is the remainder when l is divided by q?
3
Suppose 5*l = -3*t + 67, -5*t + l = -0*l - 65. Calculate the remainder when (-522)/(-13) - 12/78 is divided by t.
12
Let n = -2 - -5. Let w(r) = -n*r**2 + 4*r**2 - 1 + r - 2*r. Calculate the remainder when w(-5) is divided by 10.
9
What is the remainder when (1 + 14/4)/((-24)/(-432)) is divided by 28?
25
Let n(u) = 0*u - 10*u + 8*u. Suppose 3*t = 7*t - 8. Calculate the remainder when t is divided by n(-1).
0
Suppose 5*a = -4*h + 37 + 5, 48 = 4*a - 4*h. Suppose -x - x = a. What is the remainder when 3/(-15) + (-11)/x is divided by 1?
0
Let b(k) = -k**2 - 16*k + 9. What is the remainder when b(-10) is divided by 14?
13
What is the remainder when 46 is divided by (2 - -1)*(-2 + (-44)/(-6))?
14
Let i(b) = 2*b**2 - 13*b + 2. Calculate the remainder when i(10) is divided by 15.
12
Suppose 3*m - 16 = m. Suppose -6*j - 74 = -m*j. Calculate the remainder when j is divided by 20.
17
Let x = -35 - -40. What is the remainder when 6 is divided by x?
1
Let b(j) = 2*j + 18. Calculate the remainder when 87 is divided by b(0).
15
Let q(b) = 5*b**3 + 2*b**2 - 1. Let i be q(-1). Suppose 0*a + a - 10 = 0. Calculate the remainder when (-10)/i*12/a is divided by 2.
1
Let b(l) = l**3 - 3*l + 3. Let w be b(2). Suppose 71 = 3*j + w*u, 6*u = 3*j + 3*u - 87. Suppose -2*c = -6*c + 56. What is the remainder when j is divided by c?
13
Calculate the remainder when 2/(-3) + (-1245)/(-45) is divided by 14.
13
Let o = 19 + -11. Calculate the remainder when 22 is divided by o.
6
Let t(b) be the first derivative of -2*b**2 - 6*b - 2. Let w be t(-4). Let s = -2 + w. Calculate the remainder when 14 is divided by s.
6
Let q = -12 + 12. Suppose -5*j + 20 + q = 0. Calculate the remainder when 9 is divided by j.
1
Let q = 130 + -56. Suppose 0 = -5*h + q + 1. Let x(v) = -10*v - 7. Calculate the remainder when x(-5) is divided by h.
13
Suppose -11 = 4*b + 41. Let d = -8 - b. Suppose -1 = 2*s - d. What is the remainder when s is divided by 1?
0
Let p(v) = -14*v**3 - 2*v**2 - 2*v - 1. Let t = -5 - -4. What is the remainder when p(t) is divided by 8?
5
Let g(z) = 21*z - 9. Let d(i) = -10*i + 4. Let u(b) = 5*d(b) + 3*g(b). Suppose -7 = -4*k + 13. Calculate the remainder when u(k) is divided by 20.
18
Suppose -13 = -4*i - 45. Let a(w) = -3*w - 4. What is the remainder when a(i) is divided by 11?
9
Let i = -61 + 87. Suppose 4*z - 4*h = 16, -z + 4*h = 2*h - 4. Suppose g = -z*b - 2, -b + 4 = -g + 22. What is the remainder when i is divided by g?
12
Let x(o) = -o**2 - 6*o + 6. Let k be x(-7). Calculate the remainder when 303/15 + k/5 is divided by 7.
6
Let u(w) = -w**3 + 4*w**2 - 4*w + 3. Let z be u(3). Suppose z*d = 2*d - 52. Suppose 2*n - 36 = -2*n. What is the remainder when d is divided by n?
8
Let y = -48 - -61. Calculate the remainder when 44 is divided by y.
5
Let 